112. Let d(r) = 3*r**3 - 156*r**2 + 152*r + 19. Let h be d(51). Let l be 3 + (-92)/j - h/14. What is the highest common factor of 2 and l?
2
Suppose -42*p = 26*p - 35*p - 39831. Calculate the greatest common factor of 142 and p.
71
Let d(n) = 438*n + 552. Let x be d(-1). What is the highest common divisor of 133 and x?
19
Suppose 3*d - 495 = -3*f, -5*f - 3*d + 107 = -724. Suppose 2*g = f + 192. Suppose -6*w + g = -2*w. Calculate the greatest common divisor of w and 18.
9
Let k be (-86 - (-5 + 6)) + 5. Let r = k + 88. Calculate the greatest common factor of r and 6.
6
Let l be 3 + ((-1)/1 - -1). Suppose -4 = -37*n + 45 + 99. What is the greatest common factor of n and l?
1
Let d be (0 - -59496) + 4048/176. Calculate the highest common divisor of 53 and d.
53
Let v = -258 - -623. Calculate the greatest common divisor of 146 and v.
73
Let b(d) = 2*d**2 + 7*d - 1. Let l be b(-5). Let a be 12681/(-18) + (-12)/(-8). Let h = a + 705. What is the highest common divisor of l and h?
2
Suppose 32*o - 21 = 29*o. Let p(l) = 69*l - 213. Let v be p(o). Calculate the highest common factor of 15 and v.
15
Let c(i) = -12*i + 193. Let x be c(16). Let w(u) = 183*u**2 + 2*u - 3. Let f be w(x). Calculate the greatest common factor of f and 26.
26
Suppose -2*u = -0*c - 2*c, -2*c + 12 = 2*u. Suppose -c*p - 5*r + 57 = p, -p + 30 = -4*r. Calculate the greatest common factor of p and 81.
9
Let s be -1 + -1 + 7 - (-293 + 286). Calculate the highest common factor of s and 8.
4
Let m(o) = -29*o**2 + 9*o - 47. Let s be m(4). Let c = -460 - s. Calculate the highest common factor of c and 27.
3
Let g be ((-40)/(-100))/(2/(-10)). Let k be ((-572)/(-33))/(g/(-3)). What is the greatest common factor of 1 and k?
1
Suppose -28*r - 440 + 1448 = 0. Calculate the greatest common divisor of 7146 and r.
18
Suppose 0 = -2*t + 339 + 385. Let s be (-1)/(t/(-120) + 3). Calculate the highest common factor of 12 and s.
12
Suppose -3*n + n = 78. Let t = 44 + n. Suppose t*m = -3*m + 64. Calculate the greatest common factor of 8 and m.
8
Let q(g) = -3*g + 2*g**2 + 2*g**3 - 13 + 31 - 20 - 3*g**2. Let r be q(2). What is the greatest common divisor of 6 and r?
2
Let d(r) = -r + 33. Let l be d(14). Let p = -10 + l. Let k be (0 - 10)*(-2 + 36/45). Calculate the highest common divisor of k and p.
3
Let d be (7/(-2))/((-17)/34) + -2. Let b(r) = 14*r**2 + 3*r - 1. Let a be b(1). Let f be 20*(-2)/a*-10. Calculate the highest common divisor of d and f.
5
Let u(r) = 466*r - 9245. Let f be u(20). What is the greatest common divisor of f and 32?
1
Let b be (4/6)/(0 + (-14)/(-651)). Suppose 0 = b*d - 21*d - 5060. What is the greatest common divisor of 92 and d?
46
Let d = 8126 - 7922. Calculate the greatest common factor of d and 2295.
51
Suppose -4129*b = -4082*b - 235. What is the greatest common divisor of b and 10055?
5
Let k be 2 + -9 + (1178/(-95))/(10/(-75)). Suppose 5*i = 3*i + 172. What is the highest common divisor of k and i?
86
Suppose 3*h - k - 27 = 0, -7*h = -5*h - 2*k - 22. Suppose -20 = 7*f + h. Let s be (-6)/f*1*204/9. Calculate the greatest common divisor of s and 51.
17
Let b(a) = -a**2 - 13*a - 19. Let n be b(-11). Let v be 20/n*48/20. Calculate the highest common divisor of 64 and v.
16
Let n(x) = -23*x**2 - 5*x + 13. Let f(k) = 45*k**2 + 8*k - 26. Let v(s) = -4*f(s) - 9*n(s). Let d be v(1). What is the highest common factor of 45 and d?
9
Let d = 133 - 133. Let n = 136 + d. What is the highest common divisor of n and 8?
8
Let v = -277 - -280. Suppose 2*o + z = 4*o - 84, 2*o - v*z = 76. What is the highest common factor of o and 33?
11
Let y(o) = o**3 + 9*o**2 + 1. Let a be y(-5). Let f = a - 38. Let l be (-160)/10*5/(-10) - 300/(-30). Calculate the highest common factor of l and f.
9
Let s = 15 + -7. Suppose -4*i + 73 = 3*f, s*f - 29 = -2*i + 9*f. What is the greatest common factor of 24 and i?
8
Let b be ((-372)/(-9))/((0 - -3) + 1220/(-420)). What is the greatest common factor of b and 3782?
62
Let y(b) = -2*b**2 + 109*b + 1150. Let k be y(61). Calculate the greatest common divisor of 48 and k.
3
Let v be (-4 + (-20)/(-8))*-4. Let n(i) = -18*i + 135. Let a be n(8). Let x be a/(1*v/(-6)). Calculate the greatest common factor of x and 27.
9
Let s be 0*(6/18)/((-4)/(-6)). Suppose s = -3*p + 4*k + 29, 3*k = 2*p - 20 + 1. Calculate the highest common factor of 275 and p.
11
Let h(n) = -316*n - 5161. Let v be h(-49). What is the greatest common divisor of v and 651?
93
Let p be -1*(-9)/27 - (-1186)/6. Suppose -2*f + p = -4*v, f - 44 - 51 = 4*v. What is the greatest common factor of f and 515?
103
Let w(x) = -x**3 + 137*x**2 - 2536*x + 1190. Let f be w(115). Suppose -2*z + 68 = -32. Calculate the greatest common divisor of f and z.
50
Suppose 4*w - 216 + 120 = 0. Suppose 2*k + w = u, 5*k = -18*u + 17*u + 31. Calculate the highest common divisor of 117 and u.
13
Suppose -5*c = -15, 3*a + 4*c + c = 174. Suppose 25 = 5*k, -k = -z + 4*k - 28. Let t be 0 - (-583 + (-3 - z)). What is the highest common factor of a and t?
53
Let v be (-2)/3 + 4879/357. Calculate the greatest common divisor of 37 and v.
1
Suppose 30 = 3*j + 4*n, 5*j + 2*n - 26 = 10. Let p(u) = -2*u**2 - 28*u + 135. Let r be p(-17). Calculate the highest common factor of j and r.
3
Let o = -3709 - -4036. What is the greatest common divisor of 12 and o?
3
Let t be ((-21)/42)/(1/(-1042)). Let f = 549 - t. Let q(j) = 43*j**2 - 1. Let l be q(1). What is the highest common factor of f and l?
14
Let j be ((-4)/(-6))/((-24)/2952). Let h = j + 90. What is the highest common factor of 16 and h?
8
Let p(s) = 82*s**2 + 37*s + 6. Let d be p(1). What is the greatest common divisor of d and 800?
25
Suppose 3*o + 9 = 69. Let b = 4672 + -3132. Suppose -2*l - 5*l = -b. Calculate the greatest common factor of o and l.
20
Let c be 3*((-3)/(-27)*93 + 3). Suppose 0 = 4*x + c - 152. Calculate the highest common factor of x and 4.
4
Let c(k) = 519*k - 2824. Let u be c(6). What is the highest common factor of u and 270?
10
Suppose 0*d = -51*d + 168708. Suppose -d = 20*s - 10128. Calculate the greatest common divisor of s and 22.
11
Suppose 0 = 4*d - 5 - 3. Suppose -1 = -d*o + 1, o - 1 = -2*z. Suppose 2*q - 8 = z, 3*i + 2 - 1 = q. What is the greatest common factor of i and 3?
1
Let g = -539 + 604. Suppose -61 = -18*a + g. Calculate the highest common factor of a and 14.
7
Let v be 150360/216 + (-1)/9. What is the greatest common divisor of v and 1914?
174
Let m be (-9)/(-3) + (102 - 1). Let w be 848/32 + 3/((-30)/25). What is the greatest common divisor of w and m?
8
Let u be 3*(7 + 44/12). Suppose 4*z = 81 + 15. What is the highest common factor of u and z?
8
Let g = 4046 + -3995. Calculate the greatest common factor of g and 1598.
17
Suppose -864 = -4*q + 3*y - 6*y, 3*q = -y + 648. Calculate the greatest common divisor of 1116 and q.
36
Let y = 12922 - 12217. What is the highest common factor of y and 1833?
141
Let g = -2391 + 3316. What is the greatest common divisor of g and 50?
25
Suppose -5*s + 4*t = -1895, -3*s + 813 = -4*t - 332. What is the greatest common factor of 425 and s?
25
Let c = 1082 - 817. What is the highest common divisor of 53 and c?
53
Let a be ((-8)/(-2))/(8/44). Suppose -5*h = 11*h - 3568. Let d = h + 19. Calculate the greatest common factor of a and d.
22
Let a be (-2282)/(-4) - 2/4. Let v = 13532 + -13522. Calculate the greatest common divisor of v and a.
10
Let n(j) = 11*j**2 - 12*j - 13. Suppose -18 + 16 = y. Let m be n(y). Suppose i - 24 = -2. What is the highest common factor of m and i?
11
Let s be 2/(-3)*8289/(-614). What is the greatest common divisor of 933 and s?
3
Suppose 12*c = 5*c + 84. Let s = -14 + c. Let v be (-6)/5*s/(-3)*-5. Calculate the greatest common divisor of v and 12.
4
Suppose 0 = -3*n - 3*x - 585, 4*n - 67 + 850 = -5*x. Let t = 447 + n. What is the highest common divisor of t and 15?
15
Let i(g) = 12*g**2 + 17*g - 48. Let o be i(8). Calculate the highest common divisor of 24 and o.
8
Let s be (273/(-4))/(2/(-8)). Suppose 4*c = -h + 87, -11*h = -14 - 19. What is the greatest common divisor of c and s?
21
Let s = 309 + -183. Let p(l) = l**3 - 8*l**2 - 23*l + 141. Let x be p(12). Calculate the highest common factor of x and s.
63
Let y = -4826 - -4870. What is the highest common divisor of 1265 and y?
1